{"id":114,"date":"2018-08-07T20:37:15","date_gmt":"2018-08-07T18:37:15","guid":{"rendered":"https:\/\/josejuangonzalez.com\/?page_id=114"},"modified":"2023-12-02T01:19:16","modified_gmt":"2023-12-02T00:19:16","slug":"contact","status":"publish","type":"page","link":"https:\/\/josejuangonzalez.com\/?page_id=114","title":{"rendered":"Contacto"},"content":{"rendered":"<section>\n<h2>Informaci\u00f3n de contacto <\/h2>\n<p>Si te interesa contactar al doctor Jos\u00e9 Juan Gonz\u00e1lez, escribe al correo<\/p>\n<p>contacto@josejuangonzalez.com\u00a0<\/p>\n<p>\u00a0<\/p>\n<\/section>\n<section>\n<h2>Deja un comentario<\/h2>\n<\/section>\n<section>\n            <!-- @TODO - The output for element here --><\/p>\n<form action=\"https:\/\/josejuangonzalez.com\/?page_id=114\" id=\"contactForm\" method=\"post\" >\n                <input type=\"text\"  name=\"cName\"    id=\"cName\"    placeholder=\"Name\" required ><br \/>\n                <input type=\"email\" name=\"cEmail\"   id=\"cEmail\"   placeholder=\"E-Mail\" required ><br \/>\n                <input type=\"text\"  name=\"cURL\"     id=\"cURL\"     placeholder=\"Website\" ><br \/>\n                <textarea           name=\"cComment\" id=\"cComment\" placeholder=\"Message\" required><\/textarea><br \/>\n                <input type=\"submit\" id=\"submit\"  value=\"Submit\" ><br \/>\n                <input type=\"hidden\" name=\"formSubmitted\" id=\"formSubmitted\" value=\"true\" \/><br \/>\n            <\/form>\n<p>            <!-- aux-col-wrapper --><br \/>\n    <\/section>\n<p><!-- widget-container --><\/p>\n","protected":false},"excerpt":{"rendered":"<p>Informaci\u00f3n de contacto Si te interesa contactar al doctor Jos\u00e9 Juan Gonz\u00e1lez, escribe al correo contacto@josejuangonzalez.com\u00a0 \u00a0 Deja un comentario<\/p>\n","protected":false},"author":1,"featured_media":0,"parent":0,"menu_order":0,"comment_status":"closed","ping_status":"closed","template":"","meta":{"footnotes":""},"class_list":["post-114","page","type-page","status-publish","hentry"],"_links":{"self":[{"href":"https:\/\/josejuangonzalez.com\/index.php?rest_route=\/wp\/v2\/pages\/114","targetHints":{"allow":["GET"]}}],"collection":[{"href":"https:\/\/josejuangonzalez.com\/index.php?rest_route=\/wp\/v2\/pages"}],"about":[{"href":"https:\/\/josejuangonzalez.com\/index.php?rest_route=\/wp\/v2\/types\/page"}],"author":[{"embeddable":true,"href":"https:\/\/josejuangonzalez.com\/index.php?rest_route=\/wp\/v2\/users\/1"}],"replies":[{"embeddable":true,"href":"https:\/\/josejuangonzalez.com\/index.php?rest_route=%2Fwp%2Fv2%2Fcomments&post=114"}],"version-history":[{"count":5,"href":"https:\/\/josejuangonzalez.com\/index.php?rest_route=\/wp\/v2\/pages\/114\/revisions"}],"predecessor-version":[{"id":347,"href":"https:\/\/josejuangonzalez.com\/index.php?rest_route=\/wp\/v2\/pages\/114\/revisions\/347"}],"wp:attachment":[{"href":"https:\/\/josejuangonzalez.com\/index.php?rest_route=%2Fwp%2Fv2%2Fmedia&parent=114"}],"curies":[{"name":"wp","href":"https:\/\/api.w.org\/{rel}","templated":true}]}}